termine c(x).
3
Let g(b) = -3*b**3 + 2*b**2 + 3*b + 2. Let n(r) = -r**3 - 11*r**2 + r + 108. Let c be n(-10). Calculate g(c).
28
Let c be 14/((-56)/36) - -1*5. Let j(z) = z - 1 + 0*z + 2. What is j(c)?
-3
Let y be (((-1)/(-3))/(-1))/((-19)/(-57)). Let q(u) = 8*u**3 - u**2 - u + 1. Calculate q(y).
-7
Let g be (6/15)/(2/10). Let z(q) = -43*q**g - 3*q + 86*q**2 - 6 - 42*q**2. What is z(5)?
4
Let r(o) = 2*o**3 + o**2 - 2*o - 1. Let q be (0 - (-495)/(-25)) + 1/(-5). Let u be 5/2*-3*2. Let n be (q/u)/(4/(-6)). Determine r(n).
-9
Let u(s) = -3*s**2 + 6*s + 6. Let t(j) = 4*j**2 - 9*j - 9. Let z = 31 - 38. Let n(c) = z*u(c) - 5*t(c). Let x = -2 - 3. Determine n(x).
13
Suppose 3*z - 48 = -2*s - s, 4*s + 3*z = 66. Suppose -h + 5*h - s = t, 5*h = t + 22. Let n(m) = 9*m + 2. Calculate n(t).
-16
Let b(l) = -36*l - 57*l + 89*l + 6. Calculate b(6).
-18
Let l be (3/2)/((-9)/24). Let j(b) = 3*b + 2. Let z(q) = -5*q - 1. Let m(y) = 2*j(y) + z(y). Give m(l).
-1
Let a(j) = 270*j + 12 + 17*j**2 - 18*j**2 - 261*j. Let t(b) = -2*b**3 - 2*b**2 + 2. Let m be t(-2). Give a(m).
2
Suppose -19*w - 21*w = -160. Let c(f) = 8*f - 26. Give c(w).
6
Let q(k) = -k**2 - k - 1. Let v(g) = -7*g**2 + g + 1. Let p(f) = 6*q(f) - v(f). Give p(8).
1
Let h be (-20)/(-9) - (-14)/(-63). Suppose -5*r + h = -18. Let c(b) = -72 + 71 - r*b + 4*b - b**2. What is c(2)?
-5
Let t(p) be the first derivative of p**3/6 + 13*p**2/2 + 18*p - 33. Let u(a) be the first derivative of t(a). Calculate u(-9).
4
Let s(r) = r**2 - 7*r + 3. Let o = 29 - 26. Suppose -20 = o*a - 7*a. Calculate s(a).
-7
Let n be ((-4)/6)/(1/3)*-1. Let g(p) = p + p**3 + 24 - 48 + 22 + 3*p**n. Determine g(-2).
0
Let x(n) = -2*n + 56519*n**2 + 4*n - 1 - 56542*n**2. Give x(1).
-22
Let z(b) = -3*b**2 + b + 3 - 3*b**3 - 4 - b**3 - 2 + 3*b**3. Suppose -3*c = 2*t - 16, 4*c + c + 5 = 3*t. Suppose 4*i - c = -3*g + 9, 29 = -3*g + 4*i. Give z(g).
-6
Let c(z) = z**3 - 6*z**2 - 4*z + 8. Let i be (-958)/(-8) - 4*(-18)/(-96). Let b = i + -113. Determine c(b).
-16
Let m(u) = u**3 + 4*u**2 - 5*u + 1. Let n(t) = 13*t + 4*t**3 - 6*t**3 - 8*t + t**2 - 3 + t**3. Let x be n(2). Suppose 20 = -7*f + x*f. Give m(f).
1
Let z(k) be the first derivative of k**6/120 - 7*k**5/60 + k**4/6 + 17*k**2 + 7. Let g(r) be the second derivative of z(r). What is g(6)?
-12
Let h(z) = -z**3 - 7*z**2 + 9*z + 9. Suppose 56 = -2006*i + 1999*i. Give h(i).
1
Let x(n) be the second derivative of 5/2*n**2 - 1/2*n**4 - 2*n + 0 - 1/2*n**3 + 1/20*n**5. Let y(k) = -k**2 - k + 1. Let q(a) = -x(a) + 3*y(a). Determine q(3).
-2
Let g(i) = i**3 - 4*i**2 - 2*i - 1. Let v(q) = 2*q**3 + q - 1. Let j be v(1). Suppose o - 2*d = -j, -66 = 3*o + 2*o + 4*d. Let t be ((-12)/o)/(9/30). Give g(t).
-9
Suppose 0 = -i + 2*a - 1, -12 = -4*i - a + 2. Let z(q) be the second derivative of 1/2*q**2 - 1/3*q**i - 1/6*q**4 + 0 - 1/20*q**5 - 4*q. What is z(-2)?
5
Suppose i - 24 = 5*i. Let t(c) be the first derivative of c**2 + 7*c - 159. Calculate t(i).
-5
Let h(b) = -b**3 - 12*b - 6*b**2 - 10 + 3*b**2 - b**2 + 0*b**2 + 16*b. Give h(-5).
-5
Let v(j) be the second derivative of j**6/30 + j**5/30 - j**3/6 - j**2 - 7*j. Let u(z) be the first derivative of v(z). What is u(1)?
5
Let o(i) = -i**3 - 3*i**2 - 4. Let v be 14/2*39/(-91). Determine o(v).
-4
Suppose -3*r + 10 = 1. Suppose 5*f - 10 = -a, r*f - 3 - 10 = -2*a. Let q(m) = -1 - 7 + 6 - m**2 + f. Calculate q(1).
-2
Let c = -25 + 23. Let z be c + (3 - 6 - -4). Let t(o) = 7*o**2 - 1. Calculate t(z).
6
Let i(k) = k**2 + 3*k - 11. Let r be (8/(-6))/((-44)/(-99)). Determine i(r).
-11
Let x(g) be the third derivative of g**8/20160 + g**7/720 - g**6/720 + g**5/6 + 10*g**2. Let w(h) be the third derivative of x(h). Calculate w(-6).
-7
Let l be -2 - (10/4 + 2/(-4)). Let i be -2*1/(l - 120/(-28)). Let v(g) = -g - 5. What is v(i)?
2
Let w(f) = -f**2 + 1. Let j(s) = 5*s**2 - 5*s + 3. Let n(y) = j(y) + 4*w(y). Let k be (2 + -16)/(-1 + -1). Calculate n(k).
21
Suppose 5*q - 438 = 1127. Let c(w) = -4 + 308*w - 620*w + w**2 + q*w. Give c(-3).
2
Let r(l) = 1 - 5 - 7*l + 3. Let p be r(-1). Let j(v) = 13*v + 10*v + v + 8*v - 31*v. Determine j(p).
6
Let b(t) = -t**2 + 5*t - 5. Let m(q) = -q**2 + 8*q + 8. Let i(p) = 3*p**2 - 23*p - 23. Let l(s) = -4*i(s) - 11*m(s). Let r = 65 - 61. Let a be l(r). Give b(a).
-1
Let f = 831 - 829. Let z(a) = -2*a**3 + 3*a**2 - 3*a. Calculate z(f).
-10
Let t(h) = 3*h**2 + 8. Let i(d) = -287*d - 18 + 141*d + 146*d - 6*d**2. Let r(w) = 6*i(w) + 13*t(w). Calculate r(-3).
23
Let s(c) = -c**3 - 4*c**2 - 3*c - 1. Let r be (3/(-3))/((-2)/(-6)) + 9. Suppose 0 = -10*u - r - 24. Calculate s(u).
-1
Let m(j) = 4*j**3 - 2*j**2 - 7*j + 2. Let t(g) = -11*g**3 + 6*g**2 + 20*g - 6. Let h(q) = 8*m(q) + 3*t(q). Determine h(3).
1
Let i(d) = -3*d + 7*d**3 + 3*d + d + d**2. Let q be ((8 + -1 - (-10 + 14))/3)/(-1). Calculate i(q).
-7
Let k(c) be the second derivative of 7/6*c**3 + 0 + 11*c + 3/2*c**2 + 1/12*c**4. Determine k(-5).
-7
Suppose -38 = -4*s - 18. Let a(g) = -7 + g + 9 - s - 4. Give a(0).
-7
Let q(n) = -n**3 + 8*n**2 - 8*n + 10. Let w be q(7). Suppose 7 = 4*x + w. Let a(d) = -16*d**3 + 2*d**2 - 1. Give a(x).
-15
Let m(n) = n**2 - 9*n + 9. Let b(w) = -2*w**3 + 8*w**2 - 2*w - 5. Let c be b(3). Give m(c).
-5
Let i(j) = j**3 - 5*j**2 + 5*j - 4. Suppose 12 = 4*o - s + 5*s, -2*o + 4*s = 6. Suppose o = 3*a - 11. Suppose k - a = -0*k. Give i(k).
0
Let p(m) = 3*m. Let t = -19 + 19. Suppose t*i = 5*i + 15. Calculate p(i).
-9
Let g(t) be the first derivative of -t**4/24 - 11*t**3/6 + 13*t**2/2 + 12. Let q(r) be the second derivative of g(r). Calculate q(-5).
-6
Suppose 3*d + 2*d = -40. Let o be (-1 - -1)*(-9 - d) - -4. Let j(u) = -u**3 + 4*u**2 - 1. Determine j(o).
-1
Suppose 2*v - 2*p + 1 = 5*v, 3*p + 4 = v. Let k be (v + 25/(-15))*3. Let f(j) = j**3 + 2*j**2 + j + 1. What is f(k)?
-1
Let k(s) be the second derivative of s**4/12 - 3*s**3/2 - 13*s**2/2 + 9*s - 1. Determine k(9).
-13
Suppose 32 = -l + 3*k, l = 2*k - 23 - 6. Let z = l + 24. Let x(f) = 8*f**2 - f. What is x(z)?
7
Let h(q) = 30*q - 25*q - 5 - q**3 + 9 - 2*q**2. Let x(a) = -a**3 - 11*a**2 - 9*a + 7. Let i be x(-10). Calculate h(i).
-2
Let i(l) be the third derivative of l**4/24 + 5*l**3/6 - l**2. Let h be i(-2). Let j(f) = -f - 1. Give j(h).
-4
Let z(g) be the first derivative of 0*g**2 - 1/12*g**4 + 0*g**3 + 4*g - 4 + 9/20*g**5. Let s(a) be the first derivative of z(a). What is s(1)?
8
Suppose -118 - 106 = 4*n. Let w = n + 60. Let f(q) = -q**3 + 4*q**2 + 5. Give f(w).
5
Let v(z) = z - 1. Let a(q) = -6*q + 18. Let p be a(10). Let y(l) be the second derivative of 35*l**3/6 - 21*l**2 - l. Let c(u) = p*v(u) + y(u). Determine c(-1).
7
Let p = -17 + 14. Let k(v) = -3*v**2 - 4*v - 1. Let i(m) = -12*m**2 - 17*m - 5. Let c(z) = -2*i(z) + 9*k(z). Give c(p).
-20
Suppose 3*q + c = 59, -3*c + 0*c - 3 = -q. Suppose -7*y - q = -46. Let h(l) = -l**3 + 3*l**2 + 4*l - 1. Give h(y).
-1
Let o(r) = 4*r - 1. Let q = 4 - -1. Let p = 4 - q. Determine o(p).
-5
Suppose 0 = -2*x + 8 + 2. Let l(d) = d - 3. What is l(x)?
2
Let l = 1 - -1. Let i(m) = 2*m**l - 19*m + 37*m - 21*m + m**3 - 4. What is i(-3)?
-4
Suppose 2*g - 3*q - 28 = 0, 36 = 7*g - 3*g + 4*q. Let d(j) = 6 - j**2 - g - 9*j - 3 + 0*j. Give d(-7).
6
Let p(h) = 3*h + 6. Let d be 6/(-4)*(-12)/9. Let r(n) = -2*n**3 + 2*n**2 + n + 2. Let i be r(d). Give p(i).
-6
Let n(m) = -6*m**2 + 10*m - 4. Let t(k) be the first derivative of k**3 - 5*k**2/2 + 2*k + 25. Let j(l) = -2*n(l) - 5*t(l). Give j(3).
-14
Let q(i) = -3*i - 16. Let p be (2*6)/(-2) - (89 + -87). Determine q(p).
8
Suppose -n = 47*n + 288. Let u(t) = t**2 + 5*t - 6. What is u(n)?
0
Let t(n) = -1. Let k(o) = o - 5. Let i = -9 + 10. Let s(v) = i*t(v) - k(v). Determine s(9).
-5
Let u(b) be the first derivative of b**5/5 + b**3/6 + 37*b**2/2 - 23. Let r(c) be the second derivative of u(c). What is r(1)?
13
Let n = 24 + -24. Suppose s + n - 5 = 0. Let l(p) = 4*p**2 - 20*p + 16. Let d(h) = -h**2 + 5*h - 4. Let f(k) = -9*d(k) - 2*l(k). Give f(s).
4
Let w(d) = 2*d**2 - 2*d + 154 + 4*d - 75 - 76. Give w(-3).
15
Let k be (-35)/5 + (-12 - 4). Let u(b) = b + 21. Calculate u(k).
-2
Let y be 2*1 + (-44)/(-11). Let i(r) = r + 0*r**2 - y*r - 5*r**2 + r**3 + 2 + 0*r**2. What is i(6)?
8
Let s(p) = p + 1. Suppose -2 = -o - 3*x + 6, 0 = 4*o - 2*x